highest common divisor of 4453038 and 2718.
18
What is the greatest common factor of 1949930 and 1670?
10
What is the highest common divisor of 14334286 and 1986?
662
Calculate the greatest common divisor of 4624816 and 21658.
1666
Calculate the highest common divisor of 403905 and 10290.
15
Calculate the greatest common factor of 278028 and 227214.
18
Calculate the highest common factor of 4422015 and 897.
39
What is the highest common factor of 521227 and 35245?
133
What is the greatest common factor of 2813 and 18801251?
29
What is the highest common factor of 1674 and 587682?
54
Calculate the highest common factor of 340 and 19261425.
85
What is the highest common factor of 9879114 and 5166?
1722
Calculate the highest common divisor of 2163238 and 308.
154
Calculate the highest common divisor of 16471085 and 35.
5
What is the highest common factor of 6052 and 2126436772?
6052
Calculate the highest common divisor of 21918886 and 1342.
1342
Calculate the highest common divisor of 74595813 and 13095.
291
Calculate the greatest common divisor of 3309 and 4821.
3
What is the greatest common factor of 24773328 and 478464?
4272
What is the greatest common divisor of 52523730 and 61815?
4755
Calculate the greatest common divisor of 51687944 and 99176.
4312
Calculate the highest common divisor of 472 and 1863264.
8
What is the greatest common factor of 668 and 96232748?
668
Calculate the greatest common divisor of 7561408 and 64.
64
What is the highest common factor of 4544 and 47130652?
284
What is the highest common divisor of 181836618 and 41568?
2598
Calculate the highest common divisor of 9900984 and 3936.
24
What is the greatest common divisor of 1317404 and 638?
22
Calculate the highest common divisor of 126479815 and 4235.
385
What is the greatest common divisor of 1160 and 16715020?
580
What is the highest common factor of 70136 and 22264?
88
What is the greatest common factor of 1643670 and 2430?
90
What is the greatest common divisor of 1907365 and 23815?
2165
What is the highest common divisor of 100 and 32067050?
50
What is the greatest common factor of 9 and 24402267?
9
What is the highest common factor of 28017191 and 19?
19
Calculate the highest common divisor of 9622 and 283798.
34
Calculate the highest common divisor of 3259487 and 539.
77
What is the highest common divisor of 645190 and 387823?
709
What is the highest common divisor of 962 and 11746982?
962
What is the highest common factor of 1096 and 2706435?
137
Calculate the greatest common factor of 8553516 and 3468.
204
What is the highest common divisor of 663791 and 52055?
359
Calculate the highest common divisor of 1034629 and 236812.
73
Calculate the greatest common divisor of 8768 and 1829952.
64
What is the greatest common divisor of 1970697 and 26268?
597
What is the highest common factor of 7976719 and 37?
37
What is the highest common factor of 5752 and 12897422?
1438
Calculate the greatest common divisor of 914462845 and 1555.
1555
What is the greatest common factor of 13527 and 717933?
501
What is the highest common divisor of 750 and 65478?
6
What is the highest common factor of 87105 and 2535?
15
What is the greatest common divisor of 5053 and 1483164?
31
What is the greatest common factor of 16539 and 1115401186?
5513
Calculate the greatest common factor of 56 and 2952124.
28
Calculate the highest common factor of 46965145 and 12020.
3005
Calculate the highest common divisor of 34672 and 1920356.
788
What is the greatest common divisor of 678400 and 2714925?
1325
What is the highest common factor of 8520 and 45168?
24
Calculate the greatest common factor of 160910557 and 463.
463
What is the highest common factor of 10327 and 110193?
23
What is the greatest common divisor of 400926581 and 38?
19
Calculate the highest common divisor of 580 and 2205740.
580
What is the greatest common factor of 400001 and 7?
7
Calculate the greatest common divisor of 33575500 and 360.
20
What is the greatest common factor of 2286397124 and 11?
11
Calculate the highest common factor of 98 and 2939258.
14
What is the greatest common divisor of 30392600 and 2800?
1400
What is the highest common divisor of 50620 and 9610?
10
Calculate the highest common divisor of 342 and 43689474.
342
What is the greatest common divisor of 708663 and 22737?
159
Calculate the greatest common divisor of 25216553 and 964.
241
What is the highest common factor of 9339 and 54919546?
3113
What is the highest common factor of 110372226 and 2522?
194
What is the highest common divisor of 1565838 and 3330?
18
Calculate the greatest common divisor of 6137 and 2246278.
17
What is the greatest common factor of 947168 and 736?
32
Calculate the highest common factor of 4592 and 272568.
328
What is the highest common factor of 34193446 and 35?
7
Calculate the highest common divisor of 72318885 and 120.
15
Calculate the greatest common factor of 209 and 2627282.
19
What is the highest common factor of 13 and 457037789?
13
What is the greatest common factor of 10840846 and 30998?
2818
What is the highest common factor of 5644350 and 518?
74
Calculate the highest common factor of 5100 and 25415850.
2550
What is the highest common divisor of 6985 and 4524883?
1397
What is the highest common divisor of 65 and 5788757?
13
What is the greatest common factor of 106210584 and 8?
8
What is the greatest common factor of 780 and 3223380?
60
Calculate the greatest common factor of 147105086 and 3788.
1894
What is the greatest common divisor of 23987058 and 636?
318
Calculate the greatest common divisor of 363 and 3197238.
33
What is the greatest common factor of 3012 and 21881427?
753
What is the greatest common divisor of 13 and 11328213?
13
Calculate the highest common divisor of 84008 and 60.
4
Calculate the greatest common divisor of 11097 and 117136233.
3699
What is the highest common divisor of 18879666 and 1032?
258
Calculate the highest common divisor of 11791596 and 60.
12
What is the greatest common factor of 305625370 and 2930?
2930
Calculate the greatest common factor of 22107250 and 3520.
110
Calculate the highest common factor of 8296179 and 21.
3
What is the highest common factor of 167065050 and 26232?
6558
Calculate the highest common divisor of 22395594 and 39.
39
Calculate the greatest common factor of 925 and 32568475.
25
Calculate the greatest common divisor of 103926 and 7482.
6
What is the greatest common factor of 726732 and 474?
6
Calculate the greatest common divisor of 14958 and 64098.
54
Calculate the greatest common divisor of 531 and 23109.
3
Calculate the highest common factor of 64462218 and 3930.
786
What is the greatest common factor of 12402 and 20410?
26
What is the highest common factor of 8903 and 19313984?
307
What is the highest common factor of 151857 and 61758?
423
Calculate the greatest common factor of 238 and 23033521.
119
Calculate the greatest common factor of 117 and 6259.
1
Calculate the highest common factor of 30654365 and 209195.
4865
Calculate the highest common divisor of 9963 and 130491.
243
Calculate the greatest common factor of 192476 and 88.
4
Calculate the greatest common factor of 4185650 and 4025.
175
What is the highest common factor of 40280 and 1573048?
152
Calculate the greatest common divisor of 891795 and 150.
15
Calculate the highest common divisor of 4260 and 6320775.
1065
Calculate the greatest common divisor of 235510 and 65230.
110
Calculate the greatest common factor of 10931058 and 444.
222
What is the greatest common divisor of 38340 and 27803600?
1420
What is the highest common factor of 1704413346 and 8207?
8207
What is the greatest common factor of 4445862 and 1490?
298
What is the greatest common divisor of 2281808 and 453968?
272
What is the greatest common factor of 99 and 2778127?
11
Calculate the highest common factor of 2625 and 118586685.
105
Calculate the highest common factor of 1153090 and 110.
10
Calculate the highest common divisor of 717290 and 994.
14
What is the greatest common factor of 2037 and 634089?
291
Calculate the greatest common factor of 589 and 47153573.
589
Calculate the highest common factor of 237316 and 453604.
3004
Calculate the greatest common divisor of 81 and 15813849.
3
What is the greatest common divisor of 